
a701
In base 2, what is 100010001010011000100 - -10010?
100010001010011010110
In base 11, what is -2a7194 - 47?
-2a7230
In base 16, what is c + e3a2?
e3ae
In base 12, what is aa67849 + -19?
aa67830
In base 3, what is -221110221100 + 1220?
-221110212110
In base 2, what is 10011101100 + -101101001101?
-11001100001
In base 2, what is -111 - -101001001011101100110?
101001001011101011111
In base 2, what is 10 + -100000110000011100011?
-100000110000011100001
In base 4, what is -1013003 + -23230?
-1102233
In base 13, what is a6bc4471 + 3?
a6bc4474
In base 9, what is -1463 + 7063?
5500
In base 7, what is 331363231 + -11?
331363220
In base 4, what is 1 + -32122202002211?
-32122202002210
In base 8, what is -15163 + 10711?
-4252
In base 10, what is 7 - -55235017?
55235024
In base 14, what is -25 + 26924?
268dd
In base 13, what is 1531b + -1?
1531a
In base 10, what is 1830 + 289?
2119
In base 5, what is 324213110044 - -10?
324213110104
In base 16, what is 2 + -399724?
-399722
In base 16, what is -3 + -e7611e?
-e76121
In base 2, what is -1000001101100001 + -100101010101?
-1000110010110110
In base 6, what is 4 - -1313114355?
1313114403
In base 2, what is 10001010001011010 + 1111110?
10001010011011000
In base 15, what is 60d - -20ea?
2708
In base 6, what is 2 + 3551131410?
3551131412
In base 11, what is 13264a0a + 5?
13264a14
In base 6, what is 1452104504 + -32?
1452104432
In base 10, what is 308561 - 4?
308557
In base 13, what is -5ccb + -8a44?
-11a42
In base 9, what is 711401 + -743?
710547
In base 2, what is 10000000010010010011110 - -11011?
10000000010010010111001
In base 10, what is -102693234 + 2?
-102693232
In base 7, what is -313142413 + -5?
-313142421
In base 5, what is 121234431102 - -10?
121234431112
In base 6, what is 1315 + 35214?
40533
In base 13, what is -2 + -555b31a5?
-555b31a7
In base 10, what is -174015 - -4?
-174011
In base 9, what is -827252 - 17?
-827270
In base 16, what is -36b - 42ea?
-4655
In base 11, what is -a5a9 - -141?
-a468
In base 7, what is 302256 + -522?
301434
In base 7, what is 12300 + -125061?
-112461
In base 3, what is 21010210 - 212011022?
-121000112
In base 12, what is -548a212 + -41?
-548a253
In base 13, what is 377ac + 60c?
380bb
In base 15, what is 65962ae - 4?
65962aa
In base 11, what is -3 - -66671006?
66671003
In base 2, what is 1111110100111110101101111 - -10?
1111110100111110101110001
In base 13, what is -4 + -42b1c0b?
-42b1c12
In base 12, what is -4763aa + -164?
-476552
In base 7, what is -1300 - -240145?
235545
In base 12, what is 1119b - -2484?
13663
In base 7, what is 1020 + 6136034?
6140054
In base 6, what is 3 - -430134254?
430134301
In base 5, what is -23 + -322004323?
-322004401
In base 6, what is -2401031 + 3203?
-2353424
In base 2, what is 1001 + -100010110110101100001?
-100010110110101011000
In base 3, what is 2010000111112020 - 111?
2010000111111202
In base 13, what is -47 + -4207b?
-420c5
In base 3, what is 21222020121 + -10112121?
21211201000
In base 2, what is 11101000010000000010101000011 - 1?
11101000010000000010101000010
In base 2, what is 100 - -100101010010010000011?
100101010010010000111
In base 4, what is -2303320102 + -31?
-2303320133
In base 3, what is 10122 - -2011100100010?
2011100110202
In base 16, what is -3 - -17ab49?
17ab46
In base 9, what is 67817 + -1604?
66213
In base 13, what is 13287 - 846?
12741
In base 12, what is 1443 + -4574?
-3131
In base 8, what is 4663673 + -22?
4663651
In base 11, what is -143 - 1023130?
-1023273
In base 4, what is -211030231 + 2020?
-211022211
In base 2, what is 10101000 - 11010101000101010101010?
-11010101000101000000010
In base 3, what is -10100021111102 - 111?
-10100021111220
In base 5, what is 3330133324 + 10?
3330133334
In base 16, what is -7 + -1b7ac6?
-1b7acd
In base 7, what is -106606 + -1510?
-111416
In base 4, what is -1133132 - -10300023?
3100231
In base 14, what is -22 - 1c9152?
-1c9174
In base 14, what is -da7529 + -13?
-da753c
In base 2, what is -10 + 101110101001101101111011?
101110101001101101111001
In base 15, what is -20d4 - -26c?
-1d67
In base 5, what is 303102 - 1332244?
-1024142
In base 12, what is 2 - 1b14a6?
-1b14a4
In base 3, what is 2 + -1210022120112?
-1210022120110
In base 11, what is -4522a65 - 73?
-4523028
In base 15, what is a155d + -19b?
a13b2
In base 10, what is -2805 - -1195?
-1610
In base 10, what is 167502 + 1?
167503
In base 3, what is -2 + -10120112201121201?
-10120112201121210
In base 14, what is 13 + 2da189?
2da19c
In base 16, what is -bd46 - ae?
-bdf4
In base 3, what is -11222011 - 221220?
-12221001
In base 10, what is -1 + -8565673?
-8565674
In base 8, what is 506306 + 10505?
517013
In base 7, what is 25521041 + 3?
25521044
In base 9, what is 63020537 - 0?
63020537
In base 13, what is 7878 + -4c3?
7385
In base 3, what is -1222 + 11022120102201?
11022120100202
In base 2, what is 1100000 - 1110000001010101010101?
-1110000001010011110101
In base 2, what is 10010000101010000111111 + -100101?
10010000101010000011010
In base 5, what is -123003312401 - 3?
-123003312404
In base 5, what is -3 + 1114200020?
1114200012
In base 10, what is 3172 - -55332?
58504
In base 9, what is 6 - -37430050?
37430056
In base 5, what is -102400020 - -13?
-102400002
In base 14, what is -3 - 2db693c?
-2db6941
In base 11, what is 123a96344 - -2?
123a96346
In base 13, what is -a55 + 2618?
1893
In base 11, what is 4 - 14958923?
-1495891a
In base 11, what is -12294 - -976?
-11419
In base 14, what is -3c82d74d - 5?
-3c82d754
In base 2, what is -1010100101100010111101111 - 0?
-1010100101100010111101111
In base 15, what is -8010 - 4bc?
-84cc
In base 15, what is -3ed2 + 1ad?
-3d24
In base 15, what is -cc + -dc21?
-dced
In base 3, what is 2020 + 1012111221?
1012121011
In base 8, what is 12 - -100764230?
100764242
In base 11, what is 254 - 170212?
-16aa69
In base 2, what is 111010110011111011 - 11010011010?
111010011001100001
In base 7, what is -14 + -2135244?
-2135261
In base 16, what is -165 + -18afa?
-18c5f
In base 14, what is -11349 - -551?
-10bd8
In base 5, what is -2012130 + -40422?
-2103102
In base 15, what is -d2 + 25505?
25423
In base 11, what is -34315107 - -5?
-34315102
In base 7, what is 1003 + -61054?
-60051
In base 15, what is 8e0 + 18d?
a7d
In base 7, what is 202500301 - 11?
202500260
In base 12, what is 5883 + 933?
65b6
In base 4, what is -12 + -10201120221?
-10201120233
In base 3, what is 1220101102021212 + -2?
1220101102021210
In base 4, what is -1310121022 - 120?
-1310121202
In base 4, what is 10 + -1220303301?
-1220303231
In base 12, what is -8844854 + -4?
-8844858
In base 12, what is 393ba25 - -9?
393ba32
In base 2, what is -1000010000000 - -1000111011000?
101011000
In base 5, what is 4322020140 + -3?
4322020132
In base 5, what is 1 - -1102200211?
1102200212
In base 3, what is -10 + -121121210122112012?
-121121210122112022
In base 4, what is 111023 + -1330322?
-1213233
In base 16, what is -226f5c - 0?
-226f5c
In base 11, what is -3643a4 - -126a?
-363135
In base 15, what is 19 - -6b4228?
6b4242
In base 14, what is -57496a07 + 4?
-57496a03
In base 12, what is 3012 - 142a?
17a4
In base 5, what is 10333202134 + -200?
10333201434
In base 12, what is -163 - -5354?
51b1
In base 10, what is -9 + -449464?
-449473
In base 16, what is 30e - -1c24?
1f32
In base 15, what is -3 - -3239771?
323976d
In base 12, what is 95387 + 40a?
95795
In base 5, what is 14040 - -122100412?
122120002
In base 10, what is 5423 + 3852?
9275
In base 7, what is 20461055 - -63?
20461151
In base 7, what is 5 + -2305160662?
-2305160654
In base 7, what is -41235012103 - -2?
-41235012101
In base 12, what is -424a + 0?
-424a
In base 15, what is 16c79e7 - 4?
16c79e3
In base 3, what is 1010121 - -10001211022?
10002221220
In base 16, what is 1b8b7c + 18?
1b8b94
In base 8, what is 2 - 364502627?
-364502625
In base 4, what is 1233032 + 312?
1300010
In base 5, what is -4 + 13402310300?
13402310241
In base 12, what is 4136 - 2a70?
1286
In base 7, what is -12202304 - 2?
-12202306
In base 2, what is 1000010 - 1000101100111100111?
-1000101100110100101
In base 14, what is -6b841 - -144?
-6b6db
In base 2, what is 101101001111010101 + 1110101?
101101010001001010
In base 15, what is c616 - 45b?
c1aa
In base 5, what is 111044220 - -340?
111100110
In base 6, what is -4404215 - 14?
